e 15, what is -5997 + 1?
-5996
In base 8, what is -3 - -14067?
14064
In base 5, what is -3 + -1302441?
-1302444
In base 7, what is -4 - 114000?
-114004
In base 8, what is -2 + -5534?
-5536
In base 13, what is -1 + -316c?
-3170
In base 9, what is -202038 + 5?
-202033
In base 10, what is 8959 - 3?
8956
In base 5, what is -1 + -1003014?
-1003020
In base 3, what is 2100 + -2002010212?
-2002001112
In base 5, what is 1 - -14204?
14210
In base 3, what is 221100121 - 1102?
221022012
In base 16, what is 2c - -1376?
13a2
In base 16, what is d4 - 3fe?
-32a
In base 11, what is -26 + 10544?
10519
In base 14, what is 101 - 630?
-52d
In base 14, what is 29 - 7b2?
-787
In base 4, what is -1 - -120223031?
120223030
In base 6, what is -4 + -551130?
-551134
In base 4, what is -220 - -10322?
10102
In base 7, what is -6550 - 1236?
-11116
In base 2, what is -1111 - 10000100111000?
-10000101000111
In base 10, what is 80902 + 4?
80906
In base 7, what is 1 + 42626?
42630
In base 12, what is 5 - 706?
-701
In base 2, what is -10100101 - -1011010?
-1001011
In base 4, what is 133102002 - -1?
133102003
In base 4, what is 11221121 + -310?
11220211
In base 13, what is -15b00 - 4?
-15b04
In base 14, what is 4 + d3d9?
d3dd
In base 14, what is -5a4 + 1c7?
-3bb
In base 2, what is 10101111 + -1010101100?
-111111101
In base 12, what is -77 + -660?
-717
In base 4, what is 323102 + -2?
323100
In base 14, what is a8 + -25?
83
In base 5, what is -33 - 42330?
-42413
In base 3, what is -11 + 200020221212?
200020221201
In base 14, what is -a8 - -1296?
11cc
In base 5, what is -234201 - 3?
-234204
In base 10, what is -875048 - 2?
-875050
In base 16, what is 20b - -1e3?
3ee
In base 2, what is 111001000011010 + 1?
111001000011011
In base 3, what is -200021002 + -12211?
-200110220
In base 11, what is 4 + -364?
-360
In base 3, what is 1012111021022 + 12?
1012111021111
In base 3, what is 2 - 11112201210?
-11112201201
In base 3, what is -2022 - -12220212?
12211120
In base 6, what is 23 - 44143?
-44120
In base 16, what is 0 + -8d8bc?
-8d8bc
In base 14, what is -b + 20313?
20306
In base 7, what is 521625 + 3?
521631
In base 10, what is 1471236 - 2?
1471234
In base 8, what is -316 - 100?
-416
In base 16, what is -966 - -90?
-8d6
In base 15, what is -654 - a71?
-11c5
In base 10, what is -41597 - 4?
-41601
In base 6, what is -2 - -122210?
122204
In base 15, what is 4 - 104b?
-1047
In base 5, what is 4 - -303002?
303011
In base 5, what is -3 - 4102230?
-4102233
In base 12, what is -94 - 910?
-9a4
In base 7, what is 33303 - -6?
33312
In base 5, what is -3430 - 3222?
-12202
In base 2, what is -1 + -1010110100?
-1010110101
In base 11, what is -163458 - -14?
-163444
In base 4, what is -132213 + 13?
-132200
In base 15, what is 5 - -32b64?
32b69
In base 9, what is -5 + 73011?
73005
In base 5, what is -3 - 2321242?
-2321300
In base 15, what is 242e26 - 3?
242e23
In base 8, what is -4241 - 1166?
-5427
In base 5, what is -10 - 404041?
-404101
In base 13, what is -b - -1c11?
1c03
In base 14, what is 3 + -178a33?
-178a30
In base 13, what is 387 - -631?
9b8
In base 13, what is 4 + 28b2?
28b6
In base 10, what is -184 + 459?
275
In base 16, what is 1 + -17c4?
-17c3
In base 3, what is -11 - 2200212020?
-2200212101
In base 8, what is -147 - 5003?
-5152
In base 11, what is -13 - -64023?
64010
In base 5, what is 3440 + -42123?
-33133
In base 15, what is 3 + 5a03?
5a06
In base 3, what is 1002112221 + -22?
1002112122
In base 15, what is -3 - 7ae68?
-7ae6b
In base 6, what is 13 - -10110?
10123
In base 2, what is 10101010101 + 101?
10101011010
In base 3, what is 12 + -10112101211?
-10112101122
In base 11, what is a931 + 30?
a961
In base 7, what is 151452 - 140?
151312
In base 16, what is -158e + -48?
-15d6
In base 5, what is 141 - -10020?
10211
In base 5, what is 244 + 12?
311
In base 2, what is 1000 - -10000001100101101?
10000001100110101
In base 15, what is 1b4 - 115?
9e
In base 2, what is 101111000 + 100100111010?
101010110010
In base 13, what is 5 - -21468?
21470
In base 7, what is 1321643 - -23?
1321666
In base 11, what is -a0966 + -1?
-a0967
In base 2, what is -10 + -1011110110110011111?
-1011110110110100001
In base 4, what is 31131 - 1011?
30120
In base 16, what is 221e + 2b?
2249
In base 7, what is -65 - 405?
-503
In base 5, what is 414441 + -113?
414323
In base 11, what is 4 + -27175?
-27171
In base 2, what is 110 - 10010111100000110?
-10010111100000000
In base 9, what is -11212 + 22?
-11180
In base 8, what is 6 + 132315?
132323
In base 10, what is -2 + -56943?
-56945
In base 9, what is -333 + 32?
-301
In base 11, what is 259a7 - 20?
25987
In base 16, what is -d + 639?
62c
In base 15, what is -6245 - 1b?
-6261
In base 14, what is 5a + -104?
-88
In base 6, what is -32 + -231250?
-231322
In base 13, what is -196 + 472?
2a9
In base 6, what is -32242 - 3003?
-35245
In base 13, what is 1511 - -89?
159a
In base 14, what is 1 + 145a?
145b
In base 3, what is 1010 - -120201100?
120202110
In base 2, what is -10100 - -100110100001?
100110001101
In base 14, what is -38cb2 + -1c?
-38cd0
In base 6, what is 3253 + -2002?
1251
In base 8, what is 1 + -41260?
-41257
In base 15, what is -16be1 - -2?
-16bde
In base 11, what is 354a9 - 1?
354a8
In base 16, what is -7aae + -35?
-7ae3
In base 7, what is -24454 + 102?
-24352
In base 11, what is -2090 + -10a?
-219a
In base 12, what is 26 - 503?
-499
In base 5, what is 122 + -2043?
-1421
In base 7, what is 256402 - 2?
256400
In base 4, what is -330 + -13102221?
-13103211
In base 6, what is 41505 - -243?
42152
In base 16, what is -df6 - -27?
-dcf
In base 10, what is 4 - -603717?
603721
In base 11, what is -49 - 1082?
-1120
In base 16, what is a0 - 95?
b
In base 2, what is -1000000 - -10110001?
1110001
In base 6, what is 4 - -20433?
20441
In base 11, what is -8 + -17580?
-17588
In base 11, what is -28a845a + 0?
-28a845a
In base 13, what is -1ab + 229?
4b
In base 11, what is -603 - -a?
-5a4
In base 12, what is 70 - -a55?
b05
In base 7, what is -5 + 540642?
540634
In base 11, what is 1 - -7078?
7079
In base 9, what is -120 + -3220?
-3340
In base 6, what is -23 - -114414?
114351
In base 15, what is 67e - ca?
5a4
In base 7, what is -21233 + 10?
-21223
In base 11, what is 17564 + 5?
17569
In base 4, what is 211231132 - 2?
211231130
In base 8, what is 20 + 22333?
22353
In base 13, what is 1 - b43?
-b42
In base 16, what is -1 + 2f61?
2f60
In base 6, what is -2124 - 2113?
-4241
In base 12, what is -103041 + 1?
-103040
In base 16, what is 6f4 + 5c?
750
In base 13, what is -45 - -b7?
72
In base 11, what is -10478 - -25?
-10453
In base 4, what is -11120 + 1120?
-10000
In base 15, what is -8 + 68?
60
In base 16, what is 4 - -310?
314
In base 15, what is 631b + 4?
6320
In base 8, what is -2 - -3513?
3511
In base 5, what is -42100 - 1?
-42101
In base 14, what is 3dcc4 + 5?
3dcc9
In base 11, what is -118 - -33a5?
3288
In base 5, what is 1 - -143434?
143440
In base 7, what is -22145 + 102?
-22043
In base 9, what is -154734 + -36?
-154771
In base 15, what is -28b17 - 5?
-28b1c
In base 6, what is -302312 + -3?
-302315
In base 2, what is -1111000001000001 - -10?
-1111000000111111
In base 8, what is -754454 + -22?
-754476
In base 5, what is 4221 - 114?
4102
In base 2, what is 111111 + 1010011001000?
1010100000111
In base 14, what is -5 - -6829?
6824
In base 15, what is -19c + -3d?
-1da
In base 8, what is 74 + -4624?
-4530
In base 12, what is 67a - 5?
675
In base 4, what is -121212 - 13111?
-200323
In base 10, what is -92098 - 0?
-92098
In base 10, what is -28475 - -11?
-28464
In base 14, what is -8 + d57?
d4d
In base 13, what is a8 - -1328?
1403
In base 9, what is 4 + -226122?
-226117
In base 11, what is -435 + -3a8?
-832
In base 15, what is 1674 - -3d?
16b2
In base 4, what is -11210 - -301130?
223320
In base 5, what is 402 - -2100?
3002
In base 11, what is 1327 + 54?
1380
In base 16, what is 1 - -6583b?
6583c
In base 8, what is 3 + -553722?
-553717
In base 3, what is 1122102022121 + 10?
1122102022201
In base 11, what is 31049 - 15?
31034
In base 3, what is 12101 - 221102?
-202001
In base 16, what is -586 + -1b6?
-73c
In base 15, what is ce1c + 4?
ce21
In base 9, what is 3 + 105886?
106000
In base 2, what is -10010100 - 101001001011?
-101011011111
In base 8, what is 1140 - 10?
1130
In base 10, what is -327